= w**3 + w + 1. Let a(m) = -m**3 + 6*m**2 + 4*m + 5. Let p(f) = -a(f) - 2*c(f). Let y be p(-5). What are the prime factors of (-2 + 3)/(y/(-88))?
2, 11
List the prime factors of (-35)/(-105)*3*3223.
11, 293
Suppose -4704 = 74*w - 81*w. What are the prime factors of w?
2, 3, 7
Let w = -33 - -35. Suppose 2*h + 2*n - 222 = 0, 0*n = -h + w*n + 111. What are the prime factors of h?
3, 37
Suppose 7*x = 3*x + z + 2868, -2166 = -3*x - 3*z. What are the prime factors of x?
2, 359
Let r(b) = -b + 2. Let x be r(0). Suppose -x*l + 102 = 5*a, -6*a = -a - 10. What are the prime factors of l?
2, 23
Suppose -g + 14 = -5*s - 7, -s - 5*g = -1. What are the prime factors of (2/s)/((-5)/1630)?
163
Let o(w) = -w**3 - 8*w**2 - 2*w + 6. Let k be o(-8). Let r be 1 + 11/(k/204). Suppose -u - i = 6 - 39, -5*i + r = 3*u. List the prime factors of u.
31
Let f be (-2 + 0)*-1*(-2060)/(-8). Suppose -7*d + 2*d + f = 0. List the prime factors of d.
103
Suppose -4*w + 1536 = 4*w. Let t = w - 108. List the prime factors of t.
2, 3, 7
Let h = 118 + -118. Suppose h = -2*x + 4 + 26. List the prime factors of x.
3, 5
Let g be ((-1)/(-2))/(-1 + (-14)/(-16)). List the prime factors of 1484/(-14)*2/g.
53
Let m = 870 + -580. What are the prime factors of m?
2, 5, 29
List the prime factors of (-25)/(((-10)/(-1150))/(-1)).
5, 23
Let c(w) = -38*w - 94. List the prime factors of c(-14).
2, 3, 73
Let d(s) = -168*s - 143. What are the prime factors of d(-3)?
19
Suppose -4214 = -4*z + 3*z. What are the prime factors of z?
2, 7, 43
Let o be (-10)/(1/(6 - 0)). Let d = o + 123. What are the prime factors of d?
3, 7
Suppose -c + 0*c = -3*w + 10, -3*c - 18 = -3*w. Let r(o) = 42*o**2 - 4*o + 9. List the prime factors of r(w).
13
Let g(c) = 331*c**2 + 15*c - 24. What are the prime factors of g(4)?
2, 31, 43
Suppose 3*i - g = 15, 0*i - 3*g + 7 = 4*i. Suppose 15 = m + 4*m. Suppose -m*j + 49 = i. List the prime factors of j.
3, 5
Let u(o) = 93*o + 2. Let l be u(-1). Suppose 8 = 4*h, -t = 3*h - h + 59. Let m = t - l. List the prime factors of m.
2, 7
Suppose -3 = w - 14. Let a = 15 + w. What are the prime factors of a?
2, 13
Suppose 26*y = 23050 - 1184. What are the prime factors of y?
29
Let b be (-4)/10*1*-5. Suppose 0*j = -2*c - 5*j + 255, -366 = -3*c - b*j. List the prime factors of c.
2, 3, 5
List the prime factors of (-19*17)/((-89)/356).
2, 17, 19
Let p(a) = -2*a - 8. Let s be p(-5). Suppose -2*x + 4 = s*x. List the prime factors of (x/((-1)/22))/(-2).
11
Let l = 18 + 12. Suppose -l + 206 = 2*q. List the prime factors of q.
2, 11
Let l be ((-10)/(-3))/((-2)/(-6)). Suppose -7*m = 5*x - 11*m - 33, -2*x - 3*m = -4. Suppose x*j = l*j - 20. What are the prime factors of j?
2
Let l(r) = r + 1. Let c(q) = -13*q - 26. Let g(k) = c(k) + 5*l(k). What are the prime factors of g(-9)?
3, 17
Let v = 50 - 40. Suppose v*c - 351 = c. What are the prime factors of c?
3, 13
Suppose n = -4*n + 10. What are the prime factors of 201/n - (-27)/18?
2, 3, 17
Suppose 4*q - 3*v - 801 = 0, -3*v + 1030 = 5*q - v. List the prime factors of q.
2, 3, 17
Suppose -5*q = -3*i + 530 - 99, 706 = 5*i + 4*q. What are the prime factors of i?
2, 71
Let g be 48/10*(-30)/(-12). Let j = g - 5. List the prime factors of (25 - 1) + 14/j.
2, 13
Let a(n) = -20*n - 760. What are the prime factors of a(-52)?
2, 5, 7
Let c(d) = -3*d**2 + d + 2. Let t be c(-1). Let q = t - -6. Suppose 0 = 4*b - m - 77, 0*b - 3*b = q*m - 53. What are the prime factors of b?
19
Suppose -3*w - 392 = -4*k - 2415, -4*w + 4*k = -2692. What are the prime factors of w?
3, 223
Suppose -6*k + 0*k = -24. Let q = 17 + -14. Suppose -q*j + 83 = 4*m, 0*j = -k*m + 3*j + 53. List the prime factors of m.
17
Let v = 28 + 225. List the prime factors of v.
11, 23
Suppose 13560 = 20*q - 2860. List the prime factors of q.
821
Let y = 464 + -256. List the prime factors of y.
2, 13
Suppose 0 - 8 = -4*v. Let r(j) = j**3 + v*j - 4 - j**2 - 3*j - 2*j**3. List the prime factors of r(-3).
17
Let w be 1*6/(-39) - (-1530)/(-26). Let c = -50 - w. What are the prime factors of c?
3
Suppose -388 = -4*g - 5*o, 5*g + 4*o - 350 = 126. Let y = g - 66. Suppose -w + y = a, 124 = 5*w - 0*a + 3*a. What are the prime factors of w?
23
Let m = 0 + 5. Suppose -q + m*q + 124 = 0. Let g = 45 + q. List the prime factors of g.
2, 7
Suppose c + 261 = a + 3*a, 5*c + 70 = a. Suppose -5*i = -35 - a. List the prime factors of i.
2, 5
Let s be (-17 - 54)/((-2)/(-12)). Let m = s - -599. List the prime factors of m.
173
Suppose 4*y - 1263 = -75. What are the prime factors of y?
3, 11
Suppose -5*g + u = -4, u + 0*u + 4 = 0. Suppose -134 = -4*o - 2*a, g*o + 4*a - 30 = -o. What are the prime factors of o?
2, 17
Let r(h) = 6*h**2 - 2*h - 6. Let c be r(-4). Let z = -186 + 191. Suppose 42 = z*t - 5*i - c, 5*i = t - 20. List the prime factors of t.
2, 3, 5
Let u be 114/4 - (-3)/6. Let l(z) = -3*z**2 - 40*z - 10. Let c be l(-11). Let v = c - u. What are the prime factors of v?
2, 19
Let o = 143 + 369. What are the prime factors of o?
2
Suppose 7*o - 2*o = m - 223, 2*m = 5*o + 431. List the prime factors of m.
2, 13
Let n = -2 - -10. Suppose q - 12 = -3*y + 2*q, 2*q = -2*y + n. Suppose 2*d = -0*d + y*s + 54, 4*d - 4*s = 112. List the prime factors of d.
29
What are the prime factors of ((-49)/(-2)*(-4 - 38))/(-1)?
3, 7
Let h(c) = -c**3 - 6*c**2 - 4*c - 7. Let a be h(-6). List the prime factors of a + 44 - 6/(-2).
2
Let s(q) = -q**2 - 4*q + 7. Let o be s(3). List the prime factors of (-7)/(o/116)*2.
2, 29
Let g(u) = u**3 + 4*u**2 - 7*u. Let n be g(-6). Let a = 67 + n. What are the prime factors of a?
37
List the prime factors of (-1)/(-2)*0 - (-224 + 7).
7, 31
Let w = 7 - 16. Let m = w - -11. Suppose -3*o = -m*o - 23. What are the prime factors of o?
23
What are the prime factors of 658 - ((-66)/(-6) - 5)?
2, 163
Let v(b) = 7*b**2 - 4*b + 13. Let q(n) = 29*n**2 - 16*n + 53. Let m(g) = -2*q(g) + 9*v(g). List the prime factors of m(3).
2, 11
Let z = 303 - 289. What are the prime factors of z?
2, 7
Suppose -2*g = 5*q - 16, 4*g + 7*q - 32 = 2*q. Suppose g = -6*j - 106. Let l = j + 33. List the prime factors of l.
2, 7
Let c(n) = n**3 - 11*n**2 + 9*n + 10. Let b be c(10). Let s = b + 2. Suppose 0 = s*w - 5 - 29. List the prime factors of w.
17
Suppose 175 = 4*t - 177. Suppose k - t = 2*n + 3*n, 4*n = 20. List the prime factors of k.
113
Suppose 2*w = 119 + 353. What are the prime factors of w?
2, 59
Let a(q) = 15*q + 0 - 3 - 2. Suppose 2*x - 2 = 2*b, 18 = 2*x + 10. List the prime factors of a(b).
2, 5
Suppose 2*a + 8*r - 4*r + 640 = 0, 4*a + 2*r = -1310. Let i = -186 - a. What are the prime factors of i?
2, 3
Let y(i) = i**3 + i**2 - 2*i + 24. List the prime factors of y(4).
2, 3
Let q(b) = 49*b + 67. What are the prime factors of q(12)?
5, 131
Suppose -91 = -5*y + 734. Suppose 6*i - 57 - y = 0. List the prime factors of i.
37
Let c = -41 - -46. Suppose -o = c*z - 420, 0 + 10 = -2*o. What are the prime factors of z?
5, 17
Suppose 0 = -44*i + 49*i - 375. Let h = i + -40. List the prime factors of h.
5, 7
Suppose 0 = -3*n - 4*g + 282, -3*g = n - 7*g - 94. Suppose -w - 4*d = -35, n = w + w + 2*d. Let o = w - 35. List the prime factors of o.
2
Suppose 3*q = -0*q - 36. Let g = q - -30. What are the prime factors of g?
2, 3
Suppose 0 = r - 3 + 1. Let u(f) = -2*f. Let d be u(-1). Suppose -4 = d*l - r, -y + l = -4. What are the prime factors of y?
3
Let d(k) = 25*k**2 + 6*k + 114. What are the prime factors of d(-7)?
1297
Let s(z) = 4*z + 6. Let y be s(-4). Let r = 51 + y. What are the prime factors of r?
41
Let p(r) = -2*r - 9. Suppose -16 = 5*a + 9. Let f be p(a). Let j(t) = 11*t + 3. List the prime factors of j(f).
2, 7
Let l(m) = -7*m - 32. Let i be l(-15). Suppose -3*v - 1 = -i. What are the prime factors of v?
2, 3
Let i = 12 + 16. List the prime factors of ((-21)/i + 0)/((-2)/104).
3, 13
Let v(w) = w**2 - 5. Let t be v(-3). Suppose 2*y + 458 = t*y. What are the prime factors of y?
229
Let g(l) = -22*l**3 - l**2 + 7*l + 7. Let h be g(-1). Suppose 4 = 2*y - 0*y. Suppose -y*w = w - h. List the prime factors of w.
7
Let k be 2/(-3 - -1) + 38. Let y = k + 26. Suppose 6*f = -3*r + f + y, -3*r - 2*f = -54. List the prime factors of r.
2
Let m = 15 + 77. Suppose 5*q = q + m. Suppose q = x + 7. What are the prime factors of x?
2
Suppose 9028